est common divisor of 70 and 560?
70
Calculate the highest common divisor of 75 and 3300.
75
Calculate the greatest common factor of 148 and 999.
37
What is the highest common factor of 470 and 94?
94
What is the highest common divisor of 78 and 3666?
78
What is the greatest common factor of 11 and 319?
11
What is the highest common factor of 5073 and 57?
57
Calculate the greatest common factor of 79 and 13667.
79
Calculate the greatest common divisor of 84 and 21.
21
Calculate the greatest common factor of 5 and 3.
1
Calculate the highest common factor of 235 and 20.
5
Calculate the highest common divisor of 110 and 1078.
22
Calculate the highest common factor of 45594 and 18.
18
Calculate the highest common factor of 27 and 54.
27
What is the highest common factor of 14 and 462?
14
What is the highest common factor of 394 and 5319?
197
What is the highest common factor of 205 and 82?
41
What is the greatest common divisor of 5 and 5?
5
What is the greatest common factor of 88 and 154?
22
What is the highest common divisor of 44662 and 137?
137
Calculate the greatest common divisor of 9 and 675.
9
What is the highest common divisor of 5248 and 41?
41
Calculate the highest common divisor of 232 and 56.
8
Calculate the highest common factor of 90 and 243.
9
What is the highest common factor of 3429 and 81?
27
Calculate the highest common divisor of 1232 and 56.
56
What is the greatest common factor of 2560 and 800?
160
What is the highest common divisor of 4 and 164?
4
Calculate the highest common divisor of 976 and 16.
16
Calculate the highest common divisor of 150 and 135.
15
Calculate the highest common factor of 82 and 656.
82
Calculate the highest common divisor of 36 and 45.
9
Calculate the highest common divisor of 49 and 539.
49
Calculate the highest common divisor of 290 and 20.
10
What is the greatest common factor of 2470 and 13?
13
What is the highest common factor of 1124 and 9835?
281
What is the greatest common factor of 126 and 24?
6
Calculate the greatest common divisor of 85 and 55.
5
Calculate the highest common factor of 2997 and 444.
111
What is the highest common divisor of 35 and 75?
5
Calculate the highest common divisor of 14 and 14.
14
Calculate the greatest common factor of 2150 and 258.
86
Calculate the greatest common divisor of 497 and 28.
7
What is the greatest common factor of 14 and 1834?
14
What is the greatest common divisor of 2 and 338?
2
What is the greatest common factor of 33677 and 238?
119
Calculate the greatest common factor of 187 and 34.
17
What is the highest common factor of 16 and 8?
8
Calculate the greatest common factor of 12654 and 114.
114
What is the highest common divisor of 416 and 26?
26
What is the highest common factor of 198 and 902?
22
What is the greatest common divisor of 105 and 40?
5
What is the highest common divisor of 4401 and 54?
27
What is the highest common divisor of 300 and 204?
12
What is the greatest common factor of 990 and 360?
90
Calculate the greatest common divisor of 32 and 60.
4
What is the greatest common divisor of 3 and 786?
3
What is the greatest common divisor of 365 and 12556?
73
What is the greatest common divisor of 138 and 184?
46
Calculate the highest common factor of 12 and 696.
12
Calculate the greatest common divisor of 10384 and 88.
88
What is the greatest common factor of 270 and 150?
30
What is the highest common factor of 119 and 51?
17
What is the greatest common factor of 18 and 2151?
9
What is the greatest common factor of 29 and 87?
29
What is the greatest common divisor of 22 and 13486?
22
Calculate the greatest common factor of 65 and 325.
65
Calculate the highest common divisor of 4 and 8.
4
What is the greatest common divisor of 594 and 550?
22
What is the highest common factor of 28 and 1022?
14
What is the highest common factor of 30 and 410?
10
What is the greatest common factor of 72 and 6876?
36
Calculate the greatest common factor of 1280 and 4.
4
Calculate the highest common divisor of 3151 and 46.
23
What is the highest common divisor of 1664 and 325?
13
Calculate the greatest common factor of 3038 and 196.
98
Calculate the greatest common factor of 62 and 1054.
62
Calculate the greatest common divisor of 2 and 94.
2
Calculate the highest common divisor of 1331 and 11.
11
Calculate the greatest common factor of 888 and 600.
24
Calculate the greatest common factor of 27 and 6.
3
Calculate the highest common factor of 481 and 728.
13
What is the greatest common divisor of 793 and 13?
13
Calculate the greatest common divisor of 460 and 140.
20
Calculate the greatest common divisor of 76672 and 128.
128
Calculate the highest common divisor of 20 and 55.
5
What is the highest common divisor of 3268 and 76?
76
Calculate the highest common factor of 150 and 90.
30
What is the highest common divisor of 800 and 1856?
32
What is the greatest common factor of 114 and 294?
6
What is the greatest common divisor of 234 and 90?
18
Calculate the highest common divisor of 110 and 4015.
55
What is the highest common divisor of 11 and 77?
11
What is the highest common divisor of 528 and 32?
16
What is the highest common divisor of 190 and 551?
19
Calculate the greatest common divisor of 22 and 4.
2
What is the highest common divisor of 36 and 324?
36
Calculate the greatest common factor of 16 and 7696.
16
What is the greatest common divisor of 302 and 24?
2
Calculate the greatest common divisor of 4164 and 48.
12
What is the highest common factor of 296 and 518?
74
What is the greatest common divisor of 885 and 15?
15
What is the highest common factor of 4 and 92?
4
Calculate the greatest common divisor of 1224 and 27.
9
What is the greatest common factor of 6644 and 176?
44
What is the greatest common factor of 56 and 15358?
14
Calculate the greatest common divisor of 9 and 330.
3
Calculate the greatest common factor of 9952 and 32.
32
Calculate the greatest common factor of 21 and 609.
21
Calculate the highest common divisor of 9 and 288.
9
Calculate the greatest common factor of 705 and 1551.
141
Calculate the greatest common factor of 22 and 1364.
22
Calculate the highest common divisor of 154 and 88.
22
Calculate the highest common divisor of 195 and 117.
39
Calculate the greatest common divisor of 20 and 8.
4
Calculate the highest common factor of 224 and 14.
14
Calculate the highest common factor of 744 and 3813.
93
Calculate the highest common factor of 2544 and 120.
24
What is the greatest common divisor of 71 and 71?
71
What is the highest common divisor of 180 and 80?
20
Calculate the highest common divisor of 1271 and 2501.
41
Calculate the greatest common factor of 132 and 102.
6
Calculate the highest common divisor of 1081 and 94.
47
Calculate the highest common divisor of 1426 and 62.
62
Calculate the highest common divisor of 132 and 561.
33
Calculate the greatest common divisor of 24 and 354.
6
Calculate the greatest common factor of 24 and 28.
4
What is the greatest common divisor of 41 and 2829?
41
Calculate the highest common divisor of 2873 and 136.
17
Calculate the greatest common factor of 168 and 378.
42
Calculate the highest common divisor of 72 and 252.
36
Calculate the highest common factor of 5368 and 55.
11
What is the highest common factor of 72 and 9?
9
Calculate the highest common divisor of 99 and 132.
33
What is the highest common divisor of 742 and 28?
14
What is the greatest common divisor of 864 and 64?
32
What is the highest common divisor of 60 and 18?
6
What is the greatest common divisor of 110 and 2794?
22
What is the highest common divisor of 188 and 19928?
188
Calculate the greatest common factor of 8 and 8852.
4
What is the highest common divisor of 110 and 30?
10
Calculate the greatest common factor of 8 and 43488.
8
What is the highest common divisor of 230 and 368?
46
What is the greatest common divisor of 85 and 15?
5
Calculate the highest common divisor of 54 and 558.
18
What is the highest common factor of 17 and 697?
17
Calculate the highest common factor of 19784 and 8.
8
Calculate the highest common divisor of 286 and 836.
22
What is the highest common factor of 1975 and 50?
25
Calculate the greatest common factor of 55 and 33.
11
Calculate the highest common divisor of 16 and 64.
16
Calculate